{"id":1333,"date":"2005-08-16T15:41:23","date_gmt":"2005-08-16T15:41:23","guid":{"rendered":"http:\/\/localhost:8081\/?page_id=1333"},"modified":"2020-01-17T10:09:43","modified_gmt":"2020-01-17T10:09:43","slug":"2001-2002","status":"publish","type":"page","link":"https:\/\/www.rotarytm.ro\/?page_id=1333","title":{"rendered":"2001 &#8211; 2002"},"content":{"rendered":"\t\t<div data-elementor-type=\"wp-page\" data-elementor-id=\"1333\" class=\"elementor elementor-1333\">\n\t\t\t\t\t\t<section class=\"elementor-section elementor-top-section elementor-element elementor-element-70de4c9e elementor-section-boxed elementor-section-height-default elementor-section-height-default\" data-id=\"70de4c9e\" data-element_type=\"section\" data-e-type=\"section\">\n\t\t\t\t\t\t<div class=\"elementor-container elementor-column-gap-default\">\n\t\t\t\t\t<div class=\"elementor-column elementor-col-100 elementor-top-column elementor-element elementor-element-2eb9f253\" data-id=\"2eb9f253\" data-element_type=\"column\" data-e-type=\"column\">\n\t\t\t<div class=\"elementor-widget-wrap elementor-element-populated\">\n\t\t\t\t\t\t<div class=\"elementor-element elementor-element-8dc0089 elementor-widget elementor-widget-heading\" data-id=\"8dc0089\" data-element_type=\"widget\" data-e-type=\"widget\" data-widget_type=\"heading.default\">\n\t\t\t\t<div class=\"elementor-widget-container\">\n\t\t\t\t\t<h2 class=\"elementor-heading-title elementor-size-default\">Pre\u015fedinte\u00a0 Radu Bufan<\/h2>\t\t\t\t<\/div>\n\t\t\t\t<\/div>\n\t\t\t\t<div class=\"elementor-element elementor-element-482dd5c6 elementor-widget elementor-widget-text-editor\" data-id=\"482dd5c6\" data-element_type=\"widget\" data-e-type=\"widget\" data-widget_type=\"text-editor.default\">\n\t\t\t\t<div class=\"elementor-widget-container\">\n\t\t\t\t\t\t\t\t\t<ol><li>Ajutoare pentru elevii de la \u015fcoala din Dognecea &#8211; 200 pachete &#8211; \u00een colaborare cu firma Artima.<\/li><li>Dona\u0163ia de carte german\u0103 la Clubul Cultural German &#8211; \u00eempreun\u0103 cu Rotary Club Dortmund.<\/li><li>Distribuirea \u00een spitale a unui transport de solu\u0163ii de perfuzare.<\/li><li>Dotarea forma\u0163iei de pompieri Buzias cu o ma\u015fin\u0103 de pompieri donat\u0103 de un club din Anglia.<\/li><\/ol>\t\t\t\t\t\t\t\t<\/div>\n\t\t\t\t<\/div>\n\t\t\t\t\t<\/div>\n\t\t<\/div>\n\t\t\t\t\t<\/div>\n\t\t<\/section>\n\t\t\t\t<\/div>\n\t\t","protected":false},"excerpt":{"rendered":"<p>Pre\u015fedinte\u00a0 Radu Bufan Ajutoare pentru elevii de la \u015fcoala din Dognecea &#8211; 200 pachete &#8211; \u00een colaborare cu firma Artima. Dona\u0163ia de carte german\u0103 la Clubul Cultural German &#8211; \u00eempreun\u0103 cu Rotary Club Dortmund. Distribuirea \u00een spitale a unui transport&hellip;<\/p>\n","protected":false},"author":2,"featured_media":0,"parent":1327,"menu_order":0,"comment_status":"open","ping_status":"closed","template":"","meta":{"footnotes":""},"class_list":["post-1333","page","type-page","status-publish","hentry"],"_links":{"self":[{"href":"https:\/\/www.rotarytm.ro\/index.php?rest_route=\/wp\/v2\/pages\/1333","targetHints":{"allow":["GET"]}}],"collection":[{"href":"https:\/\/www.rotarytm.ro\/index.php?rest_route=\/wp\/v2\/pages"}],"about":[{"href":"https:\/\/www.rotarytm.ro\/index.php?rest_route=\/wp\/v2\/types\/page"}],"author":[{"embeddable":true,"href":"https:\/\/www.rotarytm.ro\/index.php?rest_route=\/wp\/v2\/users\/2"}],"replies":[{"embeddable":true,"href":"https:\/\/www.rotarytm.ro\/index.php?rest_route=%2Fwp%2Fv2%2Fcomments&post=1333"}],"version-history":[{"count":3,"href":"https:\/\/www.rotarytm.ro\/index.php?rest_route=\/wp\/v2\/pages\/1333\/revisions"}],"predecessor-version":[{"id":3156,"href":"https:\/\/www.rotarytm.ro\/index.php?rest_route=\/wp\/v2\/pages\/1333\/revisions\/3156"}],"up":[{"embeddable":true,"href":"https:\/\/www.rotarytm.ro\/index.php?rest_route=\/wp\/v2\/pages\/1327"}],"wp:attachment":[{"href":"https:\/\/www.rotarytm.ro\/index.php?rest_route=%2Fwp%2Fv2%2Fmedia&parent=1333"}],"curies":[{"name":"wp","href":"https:\/\/api.w.org\/{rel}","templated":true}]}}