{"id":1332,"date":"2005-08-16T15:31:19","date_gmt":"2005-08-16T15:31:19","guid":{"rendered":"http:\/\/localhost:8081\/?page_id=1332"},"modified":"2020-01-17T10:10:55","modified_gmt":"2020-01-17T10:10:55","slug":"2002-2003","status":"publish","type":"page","link":"https:\/\/www.rotarytm.ro\/?page_id=1332","title":{"rendered":"2002 &#8211; 2003"},"content":{"rendered":"\t\t<div data-elementor-type=\"wp-page\" data-elementor-id=\"1332\" class=\"elementor elementor-1332\">\n\t\t\t\t\t\t<section class=\"elementor-section elementor-top-section elementor-element elementor-element-74b28222 elementor-section-boxed elementor-section-height-default elementor-section-height-default\" data-id=\"74b28222\" data-element_type=\"section\" data-e-type=\"section\">\n\t\t\t\t\t\t<div class=\"elementor-container elementor-column-gap-default\">\n\t\t\t\t\t<div class=\"elementor-column elementor-col-100 elementor-top-column elementor-element elementor-element-6ab23576\" data-id=\"6ab23576\" data-element_type=\"column\" data-e-type=\"column\">\n\t\t\t<div class=\"elementor-widget-wrap elementor-element-populated\">\n\t\t\t\t\t\t<div class=\"elementor-element elementor-element-0477a68 elementor-widget elementor-widget-heading\" data-id=\"0477a68\" data-element_type=\"widget\" data-e-type=\"widget\" data-widget_type=\"heading.default\">\n\t\t\t\t<div class=\"elementor-widget-container\">\n\t\t\t\t\t<h2 class=\"elementor-heading-title elementor-size-default\">Pre\u015fedinte Silviu Verba<\/h2>\t\t\t\t<\/div>\n\t\t\t\t<\/div>\n\t\t\t\t<div class=\"elementor-element elementor-element-3bc02b79 elementor-widget elementor-widget-text-editor\" data-id=\"3bc02b79\" data-element_type=\"widget\" data-e-type=\"widget\" data-widget_type=\"text-editor.default\">\n\t\t\t\t<div class=\"elementor-widget-container\">\n\t\t\t\t\t\t\t\t\t<ol><li>Participarea la Conferin\u0163a Interdistrictual\u0103 de la Subotica, Szeged \u015fi Timi\u015foara a cluburilor din Ungaria, Serbia \u015fi Romania.<\/li><li>\u00cenfiin\u0163area clubului Rotary Timi\u015foara Cetate.<\/li><li>Organizarea ac\u0163iunii \u201cBunicii f\u0103r\u0103 nepo\u0163i\u201d &#8211; pachete pentru Casa de B\u0103tr\u00e2ni din Timi\u015foara.<\/li><li>Oferirea de burse pentru liceeni pe baza fondurilor str\u00e2nse la Concursul de tenis \u201cCupa Rotary\u201d.<\/li><li>Dotarea cu un microbuz a Funda\u0163iei Pentru Voi &#8211; Ac\u0163iune desf\u0103\u015furat\u0103 \u00een colaborare cu Rotary Club Elst Over Betuwe &#8211; Olanda.<\/li><li>Dotarea cu echipament pentru spitalul de copii Luis \u0162urcanu &#8211; ac\u0163iune desf\u0103\u015furat\u0103 \u00een colaborare cu Rotary Club Castiglione delle Stiviere e Alto Mantovano &#8211; Italia \u015fi Rotary Club Erding &#8211; Germania.<\/li><\/ol>\t\t\t\t\t\t\t\t<\/div>\n\t\t\t\t<\/div>\n\t\t\t\t\t<\/div>\n\t\t<\/div>\n\t\t\t\t\t<\/div>\n\t\t<\/section>\n\t\t\t\t<\/div>\n\t\t","protected":false},"excerpt":{"rendered":"<p>Pre\u015fedinte Silviu Verba Participarea la Conferin\u0163a Interdistrictual\u0103 de la Subotica, Szeged \u015fi Timi\u015foara a cluburilor din Ungaria, Serbia \u015fi Romania. \u00cenfiin\u0163area clubului Rotary Timi\u015foara Cetate. Organizarea ac\u0163iunii \u201cBunicii f\u0103r\u0103 nepo\u0163i\u201d &#8211; pachete pentru Casa de B\u0103tr\u00e2ni din Timi\u015foara. Oferirea de&hellip;<\/p>\n","protected":false},"author":2,"featured_media":0,"parent":1327,"menu_order":0,"comment_status":"open","ping_status":"closed","template":"","meta":{"footnotes":""},"class_list":["post-1332","page","type-page","status-publish","hentry"],"_links":{"self":[{"href":"https:\/\/www.rotarytm.ro\/index.php?rest_route=\/wp\/v2\/pages\/1332","targetHints":{"allow":["GET"]}}],"collection":[{"href":"https:\/\/www.rotarytm.ro\/index.php?rest_route=\/wp\/v2\/pages"}],"about":[{"href":"https:\/\/www.rotarytm.ro\/index.php?rest_route=\/wp\/v2\/types\/page"}],"author":[{"embeddable":true,"href":"https:\/\/www.rotarytm.ro\/index.php?rest_route=\/wp\/v2\/users\/2"}],"replies":[{"embeddable":true,"href":"https:\/\/www.rotarytm.ro\/index.php?rest_route=%2Fwp%2Fv2%2Fcomments&post=1332"}],"version-history":[{"count":2,"href":"https:\/\/www.rotarytm.ro\/index.php?rest_route=\/wp\/v2\/pages\/1332\/revisions"}],"predecessor-version":[{"id":3157,"href":"https:\/\/www.rotarytm.ro\/index.php?rest_route=\/wp\/v2\/pages\/1332\/revisions\/3157"}],"up":[{"embeddable":true,"href":"https:\/\/www.rotarytm.ro\/index.php?rest_route=\/wp\/v2\/pages\/1327"}],"wp:attachment":[{"href":"https:\/\/www.rotarytm.ro\/index.php?rest_route=%2Fwp%2Fv2%2Fmedia&parent=1332"}],"curies":[{"name":"wp","href":"https:\/\/api.w.org\/{rel}","templated":true}]}}